{"id":145,"date":"2025-12-09T14:51:05","date_gmt":"2025-12-09T13:51:05","guid":{"rendered":"https:\/\/pagora-media.fr\/Groupe3\/?page_id=145"},"modified":"2026-01-14T20:02:31","modified_gmt":"2026-01-14T19:02:31","slug":"rouges","status":"publish","type":"page","link":"https:\/\/pagora-media.fr\/Groupe3\/rouges\/","title":{"rendered":"ROUGES"},"content":{"rendered":"<div data-colibri-id=\"145-c1\" class=\"style-363 style-local-145-c1 position-relative\">\n  <!---->\n  <div data-colibri-component=\"section\" data-colibri-id=\"145-c2\" id=\"about-2\" class=\"h-section h-section-global-spacing d-flex align-items-lg-center align-items-md-center align-items-center style-402 style-local-145-c2 position-relative\">\n    <!---->\n    <!---->\n    <div class=\"h-section-grid-container h-section-boxed-container\">\n      <!---->\n      <div data-colibri-id=\"145-c3\" class=\"h-row-container gutters-row-lg-0 gutters-row-md-0 gutters-row-0 gutters-row-v-lg-0 gutters-row-v-md-0 gutters-row-v-0 style-403 style-local-145-c3 position-relative\">\n        <!---->\n        <div class=\"h-row justify-content-lg-center justify-content-md-center justify-content-center align-items-lg-stretch align-items-md-stretch align-items-stretch gutters-col-lg-0 gutters-col-md-0 gutters-col-0 gutters-col-v-lg-0 gutters-col-v-md-0 gutters-col-v-0\">\n          <!---->\n          <div class=\"h-column h-column-container d-flex h-col-lg-auto h-col-md-auto h-col-auto style-404-outer style-local-145-c4-outer\">\n            <div data-colibri-id=\"145-c4\" class=\"d-flex h-flex-basis h-column__inner h-px-lg-0 h-px-md-0 h-px-0 v-inner-lg-0 v-inner-md-0 v-inner-0 style-404 style-local-145-c4 position-relative\">\n              <!---->\n              <!---->\n              <div class=\"w-100 h-y-container h-column__content h-column__v-align flex-basis-100 align-self-lg-start align-self-md-start align-self-start\">\n                <!---->\n                <div data-colibri-id=\"145-c5\" class=\"h-lead h-text h-text-component style-407 style-local-145-c5 position-relative h-element\">\n                  <!---->\n                  <!---->\n                  <div class=\"\">\n                    <h3><strong>Persan \u2013 Domaine Finot<\/strong>\n                      <br>\n                      <br>\n                    <\/h3>\n                    <p>Un vin 100% Persan au style frais et aromatique.\n                      <br> Ar\u00f4mes de <strong>fruits rouges<\/strong>, d\u2019<strong>\u00e9pices l\u00e9g\u00e8res<\/strong>, avec une bouche vive et \u00e9quilibr\u00e9e.<\/p>\n                    <p>Origine : <strong>Is\u00e8re \u2013 France<\/strong>\n                      <br> Alcool : <em>(non indiqu\u00e9 sur Vivino)<\/em>\n                      <br> C\u00e9page : <strong>Persan<\/strong>\n                      <br> Domaine : <strong>Domaine Finot<\/strong><\/p>\n                  <\/div>\n                <\/div>\n              <\/div>\n            <\/div>\n          <\/div>\n          <div class=\"h-column h-column-container d-flex h-col-lg-auto h-col-md-auto h-col-auto style-408-outer style-local-145-c6-outer\">\n            <div data-colibri-id=\"145-c6\" class=\"d-flex h-flex-basis h-column__inner h-ui-empty-state-container h-px-lg-2 h-px-md-2 h-px-2 v-inner-lg-2 v-inner-md-2 v-inner-2 style-408 style-local-145-c6 position-relative\">\n              <!---->\n              <!---->\n              <div class=\"w-100 h-y-container h-column__content h-column__v-align flex-basis-100\">\n                <!---->\n              <\/div>\n            <\/div>\n          <\/div>\n        <\/div>\n      <\/div>\n    <\/div>\n  <\/div>\n  <div data-colibri-component=\"section\" data-colibri-id=\"145-c7\" id=\"about-3\" class=\"h-section h-section-global-spacing d-flex align-items-lg-center align-items-md-center align-items-center style-409 style-local-145-c7 position-relative\">\n    <!---->\n    <!---->\n    <div class=\"h-section-grid-container h-section-boxed-container\">\n      <!---->\n      <div data-colibri-id=\"145-c8\" class=\"h-row-container gutters-row-lg-0 gutters-row-md-0 gutters-row-0 gutters-row-v-lg-0 gutters-row-v-md-0 gutters-row-v-0 style-410 style-local-145-c8 position-relative\">\n        <!---->\n        <div class=\"h-row justify-content-lg-center justify-content-md-center justify-content-center align-items-lg-stretch align-items-md-stretch align-items-stretch gutters-col-lg-0 gutters-col-md-0 gutters-col-0 gutters-col-v-lg-0 gutters-col-v-md-0 gutters-col-v-0\">\n          <!---->\n          <div class=\"h-column h-column-container d-flex h-col-lg-auto h-col-md-auto h-col-auto style-411-outer style-local-145-c9-outer\">\n            <div data-colibri-id=\"145-c9\" class=\"d-flex h-flex-basis h-column__inner h-ui-empty-state-container h-px-lg-0 h-px-md-0 h-px-0 v-inner-lg-0 v-inner-md-0 v-inner-0 style-411 style-local-145-c9 position-relative\">\n              <!---->\n              <!---->\n              <div class=\"w-100 h-y-container h-column__content h-column__v-align flex-basis-100\">\n                <!---->\n              <\/div>\n            <\/div>\n          <\/div>\n          <div class=\"h-column h-column-container d-flex h-col-lg-auto h-col-md-auto h-col-auto style-412-outer style-local-145-c10-outer\">\n            <div data-colibri-id=\"145-c10\" class=\"d-flex h-flex-basis h-column__inner h-px-lg-2 h-px-md-2 h-px-2 v-inner-lg-2 v-inner-md-2 v-inner-2 style-412 style-local-145-c10 position-relative\">\n              <!---->\n              <!---->\n              <div class=\"w-100 h-y-container h-column__content h-column__v-align flex-basis-100 align-self-lg-start align-self-md-start align-self-start\">\n                <!---->\n                <div data-colibri-id=\"145-c11\" class=\"h-lead h-text h-text-component style-415 style-local-145-c11 position-relative h-element\">\n                  <!---->\n                  <!---->\n                  <div class=\"\">\n                    <h3><strong>Tracteur Rouge \u2013 Domaine Finot<\/strong><\/h3>\n                    <p>Un vin d\u2019assemblage au style fruit\u00e9 et accessible.\n                      <br> Ar\u00f4mes de <strong>fruits rouges<\/strong>, de <strong>notes l\u00e9g\u00e8rement \u00e9pic\u00e9es<\/strong>, avec une bouche souple et gourmande.<\/p>\n                    <p>Origine : <strong>Is\u00e8re \u2013 France<\/strong>\n                      <br> Alcool : <strong>12,5%<\/strong>\n                      <br> C\u00e9pages : <strong>Cabernet Sauvignon, Merlot, Gamay<\/strong>\n                      <br> Domaine : <strong>Domaine Finot<\/strong><\/p>\n                  <\/div>\n                <\/div>\n              <\/div>\n            <\/div>\n          <\/div>\n        <\/div>\n      <\/div>\n    <\/div>\n  <\/div>\n  <div data-colibri-component=\"section\" data-colibri-id=\"145-c12\" id=\"about-4\" class=\"h-section h-section-global-spacing d-flex align-items-lg-center align-items-md-center align-items-center style-416 style-local-145-c12 position-relative\">\n    <!---->\n    <!---->\n    <div class=\"h-section-grid-container h-section-boxed-container\">\n      <!---->\n      <div data-colibri-id=\"145-c13\" class=\"h-row-container gutters-row-lg-0 gutters-row-md-0 gutters-row-0 gutters-row-v-lg-0 gutters-row-v-md-0 gutters-row-v-0 style-417 style-local-145-c13 position-relative\">\n        <!---->\n        <div class=\"h-row justify-content-lg-center justify-content-md-center justify-content-center align-items-lg-stretch align-items-md-stretch align-items-stretch gutters-col-lg-0 gutters-col-md-0 gutters-col-0 gutters-col-v-lg-0 gutters-col-v-md-0 gutters-col-v-0\">\n          <!---->\n          <div class=\"h-column h-column-container d-flex h-col-lg-auto h-col-md-auto h-col-auto style-418-outer style-local-145-c14-outer\">\n            <div data-colibri-id=\"145-c14\" class=\"d-flex h-flex-basis h-column__inner h-px-lg-0 h-px-md-0 h-px-0 v-inner-lg-0 v-inner-md-0 v-inner-0 style-418 style-local-145-c14 position-relative\">\n              <!---->\n              <!---->\n              <div class=\"w-100 h-y-container h-column__content h-column__v-align flex-basis-100 align-self-lg-start align-self-md-start align-self-start\">\n                <!---->\n                <div data-colibri-id=\"145-c15\" class=\"h-lead h-text h-text-component style-421 style-local-145-c15 position-relative h-element\">\n                  <!---->\n                  <!---->\n                  <div class=\"\">\n                    <h3><strong>Crozes-Hermitage Rouge \u2013 Domaine Finot<\/strong>\n                      <br>\n                      <br>\n                    <\/h3>\n                    <p>Un vin 100% Syrah au style pur et \u00e9l\u00e9gant.\n                      <br>Ar\u00f4mes de&nbsp;<strong>fruits noirs<\/strong>,&nbsp;<strong>poivre<\/strong>, et&nbsp;<strong>violette<\/strong>, avec une bouche fra\u00eeche et des tanins soyeux.\n                      <br>Origine :&nbsp;<strong>Vall\u00e9e du Rh\u00f4ne \u2013 France<\/strong>\n                      <br>Alcool :&nbsp;<strong>14%<\/strong>\n                      <br>Domaine :&nbsp;<strong>Domaine Finot<\/strong><\/p>\n                    <p>\n                      <br>\n                    <\/p>\n                  <\/div>\n                <\/div>\n              <\/div>\n            <\/div>\n          <\/div>\n          <div class=\"h-column h-column-container d-flex h-col-lg-auto h-col-md-auto h-col-auto style-422-outer style-local-145-c16-outer\">\n            <div data-colibri-id=\"145-c16\" class=\"d-flex h-flex-basis h-column__inner h-ui-empty-state-container h-px-lg-2 h-px-md-2 h-px-2 v-inner-lg-2 v-inner-md-2 v-inner-2 style-422 style-local-145-c16 position-relative\">\n              <!---->\n              <!---->\n              <div class=\"w-100 h-y-container h-column__content h-column__v-align flex-basis-100\">\n                <!---->\n              <\/div>\n            <\/div>\n          <\/div>\n        <\/div>\n      <\/div>\n    <\/div>\n  <\/div>\n<\/div>","protected":false},"excerpt":{"rendered":"<p>Persan \u2013 Domaine Finot Un vin 100% Persan au style frais et aromatique. Ar\u00f4mes de fruits rouges, d\u2019\u00e9pices l\u00e9g\u00e8res, avec une bouche vive et \u00e9quilibr\u00e9e. Origine : Is\u00e8re \u2013 France Alcool : (non indiqu\u00e9 sur Vivino) C\u00e9page : Persan Domaine : Domaine Finot Tracteur Rouge \u2013 Domaine Finot Un vin d\u2019assemblage au style fruit\u00e9 et [&hellip;]<\/p>\n","protected":false},"author":1,"featured_media":0,"parent":0,"menu_order":0,"comment_status":"closed","ping_status":"closed","template":"page-templates\/full-width-page.php","meta":{"footnotes":""},"class_list":["post-145","page","type-page","status-publish","hentry"],"_links":{"self":[{"href":"https:\/\/pagora-media.fr\/Groupe3\/wp-json\/wp\/v2\/pages\/145","targetHints":{"allow":["GET"]}}],"collection":[{"href":"https:\/\/pagora-media.fr\/Groupe3\/wp-json\/wp\/v2\/pages"}],"about":[{"href":"https:\/\/pagora-media.fr\/Groupe3\/wp-json\/wp\/v2\/types\/page"}],"author":[{"embeddable":true,"href":"https:\/\/pagora-media.fr\/Groupe3\/wp-json\/wp\/v2\/users\/1"}],"replies":[{"embeddable":true,"href":"https:\/\/pagora-media.fr\/Groupe3\/wp-json\/wp\/v2\/comments?post=145"}],"version-history":[{"count":16,"href":"https:\/\/pagora-media.fr\/Groupe3\/wp-json\/wp\/v2\/pages\/145\/revisions"}],"predecessor-version":[{"id":1464,"href":"https:\/\/pagora-media.fr\/Groupe3\/wp-json\/wp\/v2\/pages\/145\/revisions\/1464"}],"wp:attachment":[{"href":"https:\/\/pagora-media.fr\/Groupe3\/wp-json\/wp\/v2\/media?parent=145"}],"curies":[{"name":"wp","href":"https:\/\/api.w.org\/{rel}","templated":true}]}}