{"id":100,"date":"2025-12-10T13:53:31","date_gmt":"2025-12-10T12:53:31","guid":{"rendered":"https:\/\/pagora-media.fr\/Groupe3\/?page_id=100"},"modified":"2025-12-16T13:07:25","modified_gmt":"2025-12-16T12:07:25","slug":"larnage-drome","status":"publish","type":"page","link":"https:\/\/pagora-media.fr\/Groupe3\/larnage-drome\/","title":{"rendered":"Domaine de Larnage Dr\u00f4me"},"content":{"rendered":"<div data-colibri-id=\"100-c1\" class=\"style-716 style-local-100-c1 position-relative\">\r\n  <!---->\r\n  <div data-colibri-component=\"section\" data-colibri-id=\"100-c2\" id=\"about\" class=\"h-section h-section-global-spacing d-flex align-items-lg-center align-items-md-center align-items-center style-717 style-local-100-c2 position-relative\">\r\n    <!---->\r\n    <!---->\r\n    <div class=\"h-section-grid-container h-section-fluid-container\">\r\n      <div data-colibri-id=\"100-c7\" class=\"h-row-container gutters-row-lg-2 gutters-row-md-2 gutters-row-2 gutters-row-v-lg-2 gutters-row-v-md-2 gutters-row-v-2 style-722 style-local-100-c7 position-relative\">\r\n        <!---->\r\n        <div class=\"h-row justify-content-lg-center justify-content-md-center justify-content-center align-items-lg-stretch align-items-md-stretch align-items-stretch gutters-col-lg-2 gutters-col-md-2 gutters-col-2 gutters-col-v-lg-2 gutters-col-v-md-2 gutters-col-v-2\">\r\n          <!---->\r\n          <div class=\"h-column h-column-container d-flex h-col-lg-auto h-col-md-auto h-col-auto style-723-outer style-local-100-c8-outer\">\r\n            <div data-colibri-id=\"100-c8\" class=\"d-flex h-flex-basis h-column__inner h-px-lg-2 h-px-md-2 h-px-2 v-inner-lg-2 v-inner-md-2 v-inner-2 style-723 style-local-100-c8 position-relative\">\r\n              <!---->\r\n              <!---->\r\n              <div class=\"w-100 h-y-container h-column__content h-column__v-align flex-basis-100 align-self-lg-start align-self-md-start align-self-start\">\r\n                <!---->\r\n                <div data-colibri-id=\"100-c9\" class=\"h-global-transition-all h-heading style-724 style-local-100-c9 position-relative h-element\">\r\n                  <!---->\r\n                  <div class=\"h-heading__outer style-724 style-local-100-c9\">\r\n                    <!---->\r\n                    <!---->\r\n                    <h5 class=\"\">Le Domaine de Larnage \u2013 Dr\u00f4me\r\n                      <br>\r\n                      <br>\u00c0 Larnage, dans la Dr\u00f4me, Thomas Finot d\u00e9veloppe un domaine qui s\u2019appuie sur un terroir reconnu et sur une longue tradition viticole locale. En s\u2019installant ici, il poursuit son travail engag\u00e9 autour de c\u00e9pages identitaires et de\r\n                      vins pr\u00e9cis, en coh\u00e9rence avec ce que la r\u00e9gion offre de meilleur. Le domaine permet de produire des vins droits et \u00e9quilibr\u00e9s, issus d\u2019une viticulture attentive et d\u2019un savoir-faire qu\u2019il affine depuis des ann\u00e9es.Thomas Finot y\r\n                      cultive aussi bien des vari\u00e9t\u00e9s locales que des c\u00e9pages plus classiques, afin de proposer des cuv\u00e9es repr\u00e9sentatives de la diversit\u00e9 et du potentiel de cette zone de la Dr\u00f4me.<\/h5>\r\n                  <\/div>\r\n                <\/div>\r\n              <\/div>\r\n            <\/div>\r\n          <\/div>\r\n        <\/div>\r\n      <\/div>\r\n      <div data-colibri-id=\"100-c3\" class=\"h-row-container gutters-row-lg-0 gutters-row-md-0 gutters-row-0 gutters-row-v-lg-0 gutters-row-v-md-0 gutters-row-v-0 style-718 style-local-100-c3 h-overflow-hidden position-relative\">\r\n        <!---->\r\n        <div class=\"h-row justify-content-lg-center justify-content-md-center justify-content-center align-items-lg-end align-items-md-end align-items-end gutters-col-lg-0 gutters-col-md-0 gutters-col-0 gutters-col-v-lg-0 gutters-col-v-md-0 gutters-col-v-0\">\r\n          <!---->\r\n          <div class=\"h-column h-column-container d-flex h-col-lg-auto h-col-md-auto h-col-auto align-self-lg-end align-self-md-end align-self-end style-719-outer style-local-100-c4-outer\">\r\n            <div data-colibri-id=\"100-c4\" class=\"d-flex h-flex-basis h-column__inner h-ui-empty-state-container h-px-lg-0 h-px-md-0 h-px-0 v-inner-lg-0 v-inner-md-0 v-inner-0 style-719 style-local-100-c4 position-relative\">\r\n              <!---->\r\n              <!---->\r\n              <div class=\"w-100 h-y-container h-column__content h-column__v-align flex-basis-100\">\r\n                <!---->\r\n              <\/div>\r\n            <\/div>\r\n          <\/div>\r\n          <div class=\"h-column h-column-container d-flex h-col-lg-auto h-col-md-auto h-col-auto align-self-lg-end align-self-md-end align-self-end style-720-outer style-local-100-c5-outer\">\r\n            <div data-colibri-id=\"100-c5\" class=\"d-flex h-flex-basis h-column__inner h-ui-empty-state-container h-px-lg-0 h-px-md-0 h-px-0 v-inner-lg-0 v-inner-md-0 v-inner-0 style-720 style-local-100-c5 position-relative\">\r\n              <!---->\r\n              <!---->\r\n              <div class=\"w-100 h-y-container h-column__content h-column__v-align flex-basis-100\">\r\n                <!---->\r\n              <\/div>\r\n            <\/div>\r\n          <\/div>\r\n          <div class=\"h-column h-column-container d-flex h-col-lg-auto h-col-md-auto h-col-auto align-self-lg-end align-self-md-end align-self-end style-721-outer style-local-100-c6-outer\">\r\n            <div data-colibri-id=\"100-c6\" class=\"d-flex h-flex-basis h-column__inner h-ui-empty-state-container h-px-lg-0 h-px-md-0 h-px-0 v-inner-lg-0 v-inner-md-0 v-inner-0 style-721 style-local-100-c6 position-relative\">\r\n              <!---->\r\n              <!---->\r\n              <div class=\"w-100 h-y-container h-column__content h-column__v-align flex-basis-100\">\r\n                <!---->\r\n              <\/div>\r\n            <\/div>\r\n          <\/div>\r\n        <\/div>\r\n      <\/div>\r\n    <\/div>\r\n  <\/div>\r\n<\/div>","protected":false},"excerpt":{"rendered":"<p>Le Domaine de Larnage \u2013 Dr\u00f4me \u00c0 Larnage, dans la Dr\u00f4me, Thomas Finot d\u00e9veloppe un domaine qui s\u2019appuie sur un terroir reconnu et sur une longue tradition viticole locale. En s\u2019installant ici, il poursuit son travail engag\u00e9 autour de c\u00e9pages identitaires et de vins pr\u00e9cis, en coh\u00e9rence avec ce que la r\u00e9gion offre de meilleur. [&hellip;]<\/p>\n","protected":false},"author":1,"featured_media":0,"parent":0,"menu_order":0,"comment_status":"closed","ping_status":"closed","template":"page-templates\/full-width-page.php","meta":{"footnotes":""},"class_list":["post-100","page","type-page","status-publish","hentry"],"_links":{"self":[{"href":"https:\/\/pagora-media.fr\/Groupe3\/wp-json\/wp\/v2\/pages\/100","targetHints":{"allow":["GET"]}}],"collection":[{"href":"https:\/\/pagora-media.fr\/Groupe3\/wp-json\/wp\/v2\/pages"}],"about":[{"href":"https:\/\/pagora-media.fr\/Groupe3\/wp-json\/wp\/v2\/types\/page"}],"author":[{"embeddable":true,"href":"https:\/\/pagora-media.fr\/Groupe3\/wp-json\/wp\/v2\/users\/1"}],"replies":[{"embeddable":true,"href":"https:\/\/pagora-media.fr\/Groupe3\/wp-json\/wp\/v2\/comments?post=100"}],"version-history":[{"count":5,"href":"https:\/\/pagora-media.fr\/Groupe3\/wp-json\/wp\/v2\/pages\/100\/revisions"}],"predecessor-version":[{"id":1275,"href":"https:\/\/pagora-media.fr\/Groupe3\/wp-json\/wp\/v2\/pages\/100\/revisions\/1275"}],"wp:attachment":[{"href":"https:\/\/pagora-media.fr\/Groupe3\/wp-json\/wp\/v2\/media?parent=100"}],"curies":[{"name":"wp","href":"https:\/\/api.w.org\/{rel}","templated":true}]}}